k - 2*y, k - 4*y = -k + 540. What is the units digit of k?
0
Suppose d - 5*d + 47 = 5*v, -5*d + 2*v + 34 = 0. What is the units digit of d?
8
What is the tens digit of (-919)/(-7) - 16/56?
3
Let y(p) be the first derivative of p**4/4 - p**2 + 2*p + 2. Suppose -10 = -2*m - 3*m. What is the units digit of y(m)?
6
Suppose -2*q + 3*q + 4*y = -10, q + 4 = -2*y. Let d(z) = q + 0 + 1 + 2*z. What is the tens digit of d(4)?
1
Let s = 635 - 386. What is the tens digit of s?
4
Let a = 14 + -4. Let x = a - 15. What is the units digit of ((-2)/x)/((-1)/(-5))?
2
Suppose -y - 3*y = -20. Suppose -y*p - 69 = -4*a, 4*p + 30 = 10. What is the tens digit of a?
1
Let q(p) be the third derivative of p**8/20160 - p**6/720 - p**5/30 + 2*p**2. Let j(v) be the third derivative of q(v). What is the units digit of j(-3)?
8
Let l(b) = -b + 4. Suppose 3*o + o + 12 = 0. Let s be l(o). Suppose 5*z - 18 = s. What is the units digit of z?
5
Suppose 0 = 15*r - 11*r - 76. What is the units digit of r?
9
What is the hundreds digit of ((-24)/(-5))/((-54)/(-3600))?
3
Let v be (-16)/(-10) + (-4)/(-10). Suppose 0 = v*u + 4*d - 34, 0 = -5*u - d + 53 - 13. What is the units digit of u?
7
Suppose 4*z + u - 19 = 99, -4*z = -u - 114. What is the tens digit of z?
2
Suppose 5*x + 465 = 5*z, -x - 271 = -4*z + 104. What is the units digit of z?
4
Let m = -1 - 8. Let l be ((-15)/m)/(2/(-24)). What is the units digit of ((-16)/10)/(8/l)?
4
Suppose -2 = -m - 3. What is the units digit of (m + (-3)/(-6))*-14?
7
Let m(i) = -i**3 + 7*i**2 + 5*i + 14. What is the tens digit of m(7)?
4
Let w = -61 - -192. What is the hundreds digit of w?
1
Let l = -35 - -51. What is the tens digit of l?
1
Let j = -6 + 13. What is the units digit of j?
7
Let n(d) = d**3 + 4*d**2 - 3*d - 1. Suppose -1 = 3*h - 2*h. Let j(p) = 3*p**3 - 1. Let a be j(h). What is the tens digit of n(a)?
1
Suppose 2*v = 4*b + 138, 0*v - b = -2*v + 123. Suppose -5*j - 14 = 4*o - v, -j + 5 = 0. Let m = 1 + o. What is the units digit of m?
6
Let o(k) = -k**3 - 6*k**2 + k + 7. Let i be 8/(-6)*9/2. Let x be o(i). What is the units digit of x*-5*(-4)/5?
4
Let j = -396 - -683. What is the units digit of j?
7
Let x(y) = -y**3 + 5*y**2 + 3*y + 2. Let h be x(5). Let g = h + -8. What is the units digit of g?
9
Let u = 10 + -8. Suppose -1 = 2*b - m, b - u*m + 0 = -8. What is the units digit of b?
2
What is the hundreds digit of (18 + -4)/((-2)/(-20)) + -3?
1
Suppose d = -2*d - 3. Let l = d - -5. What is the units digit of l?
4
Suppose -5*c = -2*c + 3, -4*j + 4 = 4*c. Suppose -o - 2 = -j*o. What is the units digit of o?
2
Suppose 4*s + 4*d + 8 = 0, 2*s + 4*d + 5 = -3*s. Suppose 5*x - 5 = -5*g + 5, s*x - 6 = 3*g. What is the units digit of x*2 + -2 + 0?
2
Let b = -28 + 103. What is the tens digit of b?
7
Suppose -15 = -p - 2*p. Suppose 5*n + p*d - 71 = -11, -4*n + 2*d + 24 = 0. Suppose 4*s + n - 72 = 0. What is the units digit of s?
6
Let m = -13 + 15. Suppose -m*h + 34 = 2*f, -4*h = 5*f + 44 - 134. What is the units digit of f?
2
Suppose -r + 4*m = -6, -3*r - 5*m = -2 + 1. Suppose 3*c - 44 = -r*o, -3*o + 2*o + 20 = c. What is the units digit of o?
6
Let u = -7 + 15. Suppose -7 - u = -3*x. What is the units digit of x?
5
Suppose -2*n + 3*n = 4. What is the units digit of n?
4
Suppose 0 = -m + 2*m. Suppose 3*d - i - i - 14 = m, -4*i = 5*d - 38. What is the units digit of d?
6
What is the hundreds digit of (-6)/15 - 1077/(-5)?
2
Suppose 0 = -c - c + 50. What is the tens digit of c?
2
Let u(i) = i + 8. Let y be u(0). Let h = 11 - y. What is the units digit of h?
3
Let s be (-2)/(-7) - 300/70. Let p = s + 5. What is the units digit of p/(-2)*-3*4?
6
Suppose 125 = a + 4*a. Suppose -k + 2*l + a = -0*l, -2*k + 2*l = -42. Suppose 0 = 2*u + 3*g - k, 6*u - 5*g = 2*u + 67. What is the units digit of u?
3
What is the units digit of (-1381)/(-4) + -2*3/24?
5
What is the hundreds digit of (-3 - (4 - 589))*1/3?
1
Let w(i) = -i + 2 - i - 11 + 0*i. What is the units digit of w(-6)?
3
Let k(c) be the first derivative of c**2 + 4*c + 3. Let z be k(4). What is the units digit of 44/10 - z/(-20)?
5
Suppose -j + 1 = -68. What is the tens digit of j?
6
Suppose -n = -5*p - 45, 2*n - 92 + 35 = -p. Let u be 3/12 - n/(-8). Suppose -u*i + 16 = 2*h, i + 4*h + 8 = 3*i. What is the units digit of i?
4
Suppose -3*k - v - 2*v = -72, -1 = v. What is the units digit of k?
5
Let l(b) = -b**3 + 4*b**2 + 2*b - 2. Let h be l(-3). Suppose 4*t - 3*p = h, 2*t - p - 3*p - 20 = 0. What is the tens digit of t?
1
Suppose -4 = -2*k, 3*k + 82 = -4*w + 548. What is the hundreds digit of w?
1
Let k be (-2)/(3*(-1)/48). What is the tens digit of k - 1*(4 + -5)?
3
Let i(q) = -q**3 - 3*q**2 - 2*q - 2. Let p(y) = y**2 + 3*y - 1. Let f be p(-2). What is the units digit of i(f)?
4
What is the units digit of (84 + -4 - 3) + (-7 - -3)?
3
Let p(j) = -j + 5. Let b be p(7). Let c(m) = 12*m**2 + 4*m - 7. Let g(s) = -3*s**2 - s + 2. Let y(u) = 6*c(u) + 22*g(u). What is the tens digit of y(b)?
2
Let r(i) = -9*i**3 - 2*i**2 - 4. What is the units digit of r(-2)?
0
Suppose -72 = 2*z + 2*z. Let b = 30 + z. What is the tens digit of b?
1
Suppose -2*p - 22 = -5*a, -15 = -0*p - p - 4*a. Let t(h) = -6*h**3 + 2*h + 1. What is the units digit of t(p)?
5
Suppose 4*p - 3*p = 2*b + 3, -4*p = b - 30. Let w = 5 - p. Let k = w - -11. What is the units digit of k?
9
Suppose -3*q + q + w = -508, -5*w + 1016 = 4*q. What is the tens digit of q?
5
What is the units digit of ((-3)/9)/(2/(-12))?
2
Let r(g) = 5*g + 7. Let v(l) = -3*l - 3. Let m(h) = -4*r(h) - 9*v(h). Let f(n) = n**3 + 6*n**2 + 4*n - 4. Let x be f(-5). What is the units digit of m(x)?
6
Let l(z) = 2*z**3 - z**2 - z - 1. Suppose 0 = -4*v + 2*t - 14, -v + 0*v + 19 = 4*t. Let x be l(v). Let i = x - -10. What is the units digit of i?
7
What is the units digit of ((-28)/(-42))/(4/102)?
7
Let v = 9 + -5. Suppose -v*x + 5 = -3. Suppose 4*j = 5*t - 48, -4*t + 22 = -x*j - 20. What is the units digit of t?
2
Let d be 0 + 10/(-4)*6. Let v be ((-24)/10)/(1/d). Suppose -3 = -n + 2*b - b, 4*n + 2*b = v. What is the units digit of n?
7
Let h = 7 + -4. Let o = 0 - -5. Suppose -j - h*j - 5*i + 9 = 0, -j - 4 = -o*i. What is the units digit of j?
1
What is the tens digit of 1 + -5 + 3 + 18?
1
Suppose -3*j = -13 + 4. What is the tens digit of (66/(-9))/((-2)/j)?
1
Suppose -3*w + 4 = c - 3, 4*w = 4*c + 20. Suppose 5*s - z - 3 + 2 = 0, 3*z - 10 = 2*s. What is the units digit of 4 + c + s + 2?
5
Let k(r) = r**2 + 4*r - 2. Let h be k(-6). Suppose -t = 5*s + 4 - h, -2*t - 6 = s. Suppose 5*p + s*j = 5, p - 1 = -0*j - 2*j. What is the units digit of p?
1
Let n(m) = 3*m. What is the tens digit of n(8)?
2
Suppose -1 + 5 = 2*z. Suppose z*k + 0*k + 372 = 0. What is the tens digit of k/(-14) - (-12)/(-42)?
1
Suppose -2*o + 388 = i, -3*i - 194 = -o - 4*i. What is the units digit of o?
4
What is the tens digit of -1*(-3 - (62 + 4))?
6
Let i(s) be the third derivative of s**6/60 - s**5/15 + s**4/8 - s**3/3 - 2*s**2. Suppose 2*a = 1 + 3. What is the units digit of i(a)?
4
Let g = 3 - 7. Let x = g + -1. Let w = -2 - x. What is the units digit of w?
3
Suppose -11*s + 7*s + 748 = 0. What is the tens digit of s?
8
Let y(p) = 9*p - 1. Let c = 6 - 5. Let i be y(c). Let v = i + -5. What is the units digit of v?
3
Suppose -7*w = -6*w - 9. What is the units digit of w?
9
Suppose 2*p = 5*f - 2*p, -5*f = 4*p - 40. Suppose -f*v + 45 = 5. Suppose 5*o - v = 20. What is the units digit of o?
6
Let k = 1 - -1. Suppose 5*t - k*t = o + 20, 4*t = -o + 22. What is the units digit of t?
6
Let m(c) = -2*c**3 - 17*c**2 - 7*c + 9. What is the units digit of m(-8)?
1
Let q = -1 + -1. Let n(h) = -1 + 2 + 0*h**2 + h**2. What is the units digit of n(q)?
5
Let o = 88 + -82. What is the units digit of o?
6
Let n = 48 + -12. Suppose 4*i + n = 184. What is the tens digit of i?
3
What is the tens digit of 12/3 - 2 - (-212)/4?
5
Let w(j) = -3*j + 10. What is the tens digit of w(-8)?
3
Let p = 46 - 22. Let w = p - 23. What is the units digit of w?
1
Suppose -5*m + b = 2*b - 403, 2*b - 6 = 0. What is the units digit of m?
0
Let v be 2/7 - 222/42. Let k = -7 - v. What is the tens digit of 2/k - (-15)/1?
1
Let s(w) = -w**3 + 4*w**2 + 6*w - 2. Let b be s(5). Suppose 0 = y - b*y + 40. Let h = -12 + y. What is the units digit of h?
8
Suppose 0 